{"id":829,"date":"2025-11-18T22:06:21","date_gmt":"2025-11-18T22:06:21","guid":{"rendered":"https:\/\/ritcas.mx\/?page_id=829"},"modified":"2025-11-18T22:06:21","modified_gmt":"2025-11-18T22:06:21","slug":"diseno-conceptual-y-control-mioelectrico-de-un-exoesqueleto-de-mano-con-actuadores-lineales-para-rehabilitacion-motora-asistida","status":"publish","type":"page","link":"https:\/\/ritcas.mx\/?page_id=829","title":{"rendered":"Dise\u00f1o Conceptual y Control Mioel\u00e9ctrico de un Exoesqueleto de Mano con actuadores lineales para Rehabilitaci\u00f3n Motora Asistida"},"content":{"rendered":"\n<p>Ciencias de la Ingenier\u00eda Mecatr\u00f3nica (CIMT)<\/p>\n\n\n\n<div class=\"wp-block-pdf-viewer-block-standard\" style=\"text-align:left\"><div class=\"uploaded-pdf\"><a href=\"http:\/\/ritcas.mx\/wp-content\/uploads\/2025\/11\/2025-1-RITCAS-Art.4-No.12-Vol.3-Ano.4-1.pdf\" data-width=\"\" data-height=\"\"><\/a><\/div><\/div>\n","protected":false},"excerpt":{"rendered":"<p>Ciencias de la Ingenier\u00eda Mecatr\u00f3nica (CIMT)<\/p>\n","protected":false},"author":1,"featured_media":0,"parent":0,"menu_order":0,"comment_status":"closed","ping_status":"closed","template":"","meta":{"footnotes":""},"class_list":["post-829","page","type-page","status-publish","hentry"],"_links":{"self":[{"href":"https:\/\/ritcas.mx\/index.php?rest_route=\/wp\/v2\/pages\/829","targetHints":{"allow":["GET"]}}],"collection":[{"href":"https:\/\/ritcas.mx\/index.php?rest_route=\/wp\/v2\/pages"}],"about":[{"href":"https:\/\/ritcas.mx\/index.php?rest_route=\/wp\/v2\/types\/page"}],"author":[{"embeddable":true,"href":"https:\/\/ritcas.mx\/index.php?rest_route=\/wp\/v2\/users\/1"}],"replies":[{"embeddable":true,"href":"https:\/\/ritcas.mx\/index.php?rest_route=%2Fwp%2Fv2%2Fcomments&post=829"}],"version-history":[{"count":1,"href":"https:\/\/ritcas.mx\/index.php?rest_route=\/wp\/v2\/pages\/829\/revisions"}],"predecessor-version":[{"id":831,"href":"https:\/\/ritcas.mx\/index.php?rest_route=\/wp\/v2\/pages\/829\/revisions\/831"}],"wp:attachment":[{"href":"https:\/\/ritcas.mx\/index.php?rest_route=%2Fwp%2Fv2%2Fmedia&parent=829"}],"curies":[{"name":"wp","href":"https:\/\/api.w.org\/{rel}","templated":true}]}}