{"id":676,"date":"2025-03-24T16:56:09","date_gmt":"2025-03-24T16:56:09","guid":{"rendered":"https:\/\/ritcas.mx\/?page_id=676"},"modified":"2025-03-24T16:56:10","modified_gmt":"2025-03-24T16:56:10","slug":"analisis-y-exploracion-del-trabajo-a-distancia-medicion-de-la-eficacia-y-su-efecto-de-la-competencia-colaboracion-y-desempeno-en-el-trabajo-remoto","status":"publish","type":"page","link":"https:\/\/ritcas.mx\/?page_id=676","title":{"rendered":"An\u00e1lisis y exploraci\u00f3n del Trabajo a Distancia: Medici\u00f3n de la eficacia y su efecto de la competencia, colaboraci\u00f3n y desempe\u00f1o en el Trabajo Remoto"},"content":{"rendered":"\n<p><strong>Ciencias Administrativas y Humanidades<\/strong><\/p>\n\n\n\n<div class=\"wp-block-pdf-viewer-block-standard\" style=\"text-align:left\"><div class=\"uploaded-pdf\"><a href=\"http:\/\/ritcas.mx\/wp-content\/uploads\/2025\/03\/2024-3-RITCAS-Art.1-No.11-Vol.2-Ano.4.pdf\" data-width=\"\" data-height=\"\"><\/a><\/div><\/div>\n","protected":false},"excerpt":{"rendered":"<p>Ciencias Administrativas y Humanidades<\/p>\n","protected":false},"author":1,"featured_media":0,"parent":107,"menu_order":0,"comment_status":"closed","ping_status":"closed","template":"","meta":{"footnotes":""},"class_list":["post-676","page","type-page","status-publish","hentry"],"_links":{"self":[{"href":"https:\/\/ritcas.mx\/index.php?rest_route=\/wp\/v2\/pages\/676","targetHints":{"allow":["GET"]}}],"collection":[{"href":"https:\/\/ritcas.mx\/index.php?rest_route=\/wp\/v2\/pages"}],"about":[{"href":"https:\/\/ritcas.mx\/index.php?rest_route=\/wp\/v2\/types\/page"}],"author":[{"embeddable":true,"href":"https:\/\/ritcas.mx\/index.php?rest_route=\/wp\/v2\/users\/1"}],"replies":[{"embeddable":true,"href":"https:\/\/ritcas.mx\/index.php?rest_route=%2Fwp%2Fv2%2Fcomments&post=676"}],"version-history":[{"count":1,"href":"https:\/\/ritcas.mx\/index.php?rest_route=\/wp\/v2\/pages\/676\/revisions"}],"predecessor-version":[{"id":681,"href":"https:\/\/ritcas.mx\/index.php?rest_route=\/wp\/v2\/pages\/676\/revisions\/681"}],"up":[{"embeddable":true,"href":"https:\/\/ritcas.mx\/index.php?rest_route=\/wp\/v2\/pages\/107"}],"wp:attachment":[{"href":"https:\/\/ritcas.mx\/index.php?rest_route=%2Fwp%2Fv2%2Fmedia&parent=676"}],"curies":[{"name":"wp","href":"https:\/\/api.w.org\/{rel}","templated":true}]}}